{"id":1141,"date":"2025-02-06T07:33:32","date_gmt":"2025-02-06T06:33:32","guid":{"rendered":"https:\/\/prechtl.film\/?page_id=1141"},"modified":"2025-11-04T11:20:37","modified_gmt":"2025-11-04T10:20:37","slug":"kontakt","status":"publish","type":"page","link":"https:\/\/prechtl.film\/?page_id=1141","title":{"rendered":"Kontakt"},"content":{"rendered":"<div class=\"wpb-content-wrapper\"><p>[vc_section el_name=&#8220;First Section&#8220;][vc_row animate_tablet=&#8220;true&#8220; animate_mobile=&#8220;true&#8220; el_name=&#8220;Row has animation&#8220; effect=&#8220;fadeIn&#8220;][vc_column][vc_column_text]Wir bieten dir die perfekte M\u00f6glichkeit, deine Visionen mit unserer Filmproduktion aus Seefeld bei M\u00fcnchen in einen Film zu verwandeln, der nicht nur visuell beeindruckt, sondern auch emotional fesselt. Mit unserer langj\u00e4hrigen Expertise und Leidenschaft f\u00fcr filmische Kunst begleiten wir dich in jeder Phase des Projekts \u2013 vom ersten Konzept bis hin zum fertigen Film, der deine Botschaft auf den Punkt bringt.<\/p>\n<p>Unser Ziel ist es, deine Geschichte authentisch und eindrucksvoll zu erz\u00e4hlen. Dabei setzen wir auf Kreativit\u00e4t, technisches Know-how und ein besonderes Auge f\u00fcrs Detail. Jedes Projekt wird individuell und mit h\u00f6chster Sorgfalt behandelt, sodass wir gemeinsam etwas Einzigartiges und Unvergessliches schaffen. Ob Imagefilm, Social Media Content oder Eventdokumentation \u2013 wir setzen alles daran, deine Erwartungen zu \u00fcbertreffen.<\/p>\n<p>LASS UNS GEMEINSAM DEIN N\u00c4CHSTES PROJEKT REALISIEREN und eine visuelle Geschichte erschaffen, die bewegt und inspiriert. Kontaktiere uns noch heute \u2013 wir freuen uns darauf, mit dir zusammenzuarbeiten und ein Projekt zu erschaffen, auf das du stolz sein kannst![\/vc_column_text][\/vc_column][\/vc_row][\/vc_section][vc_section el_name=&#8220;Second Section&#8220;][vc_row animate_tablet=&#8220;true&#8220; animate_mobile=&#8220;true&#8220; el_name=&#8220;Row has animation&#8220; effect=&#8220;fadeIn&#8220;][vc_column]<style type=\"text\/css\">#ut_custom_heading69e2c390b02a5 { font-size:25px !important;line-height:100% !important;letter-spacing:-0.03em; }@media (min-width: 1025px) and (max-width: 1679px) {#ut_custom_heading69e2c390b02a5 { line-height:100% !important; }}@media (min-width: 768px) and (max-width: 1024px) {#ut_custom_heading69e2c390b02a5 { line-height:100% !important; }}@media (max-width: 767px) {#ut_custom_heading69e2c390b02a5 { line-height:100% !important; }}#ut_custom_heading69e2c390b02a5 { text-align:center; }@media (min-width: 768px) and (max-width: 1024px) { #ut_custom_heading69e2c390b02a5 { text-align:center; } }@media (max-width: 767px) { #ut_custom_heading69e2c390b02a5 { text-align:center; } }<\/style><h2 id=\"ut_custom_heading69e2c390b02a5\" data-responsive-font=\"h2\" data-responsive-font-settings=\"{&quot;base-font-size&quot;:&quot;global&quot;,&quot;font-size&quot;:{&quot;desktop_large&quot;:&quot;25&quot;},&quot;base-line-height&quot;:&quot;100&quot;,&quot;line-height-unit&quot;:&quot;%&quot;,&quot;line-height&quot;:{&quot;desktop_large&quot;:&quot;100&quot;,&quot;desktop_small&quot;:&quot;100&quot;,&quot;tablet&quot;:&quot;100&quot;,&quot;mobile&quot;:&quot;100&quot;},&quot;base-letter-spacing&quot;:&quot;global&quot;,&quot;letter-spacing&quot;:{&quot;desktop_large&quot;:&quot;-0.03&quot;}}\" class=\"ut-custom-heading-module   vc_custom_1762251607660\" ><span class=\"\" >Kontakt<\/span><\/h2>[vc_column_text]<\/p>\n<p style=\"text-align: center;\">Prechtl Film GmbH<br \/>\nMittelfeld 12a<br \/>\n82229 Seefeld<br \/>\nGermany<\/p>\n<p style=\"text-align: center;\">Tel.: +49 8152 399 79 36<br \/>\nMobil: +49 170 176 00 36<br \/>\nMail.: servus@prechtl.film<\/p>\n<p>[\/vc_column_text][\/vc_column][\/vc_row][\/vc_section]<\/p>\n<\/div>","protected":false},"excerpt":{"rendered":"<p>[vc_section el_name=&#8220;First Section&#8220;][vc_row animate_tablet=&#8220;true&#8220; animate_mobile=&#8220;true&#8220; el_name=&#8220;Row has animation&#8220; effect=&#8220;fadeIn&#8220;][vc_column][vc_column_text]Wir bieten dir die perfekte M\u00f6glichkeit, deine Visionen mit unserer Filmproduktion aus Seefeld bei M\u00fcnchen in einen Film zu verwandeln, der nicht nur visuell beeindruckt, sondern auch emotional fesselt. Mit unserer langj\u00e4hrigen Expertise und Leidenschaft f\u00fcr filmische Kunst begleiten wir dich in jeder Phase des Projekts \u2013 [&hellip;]<\/p>\n","protected":false},"author":1,"featured_media":2848,"parent":0,"menu_order":0,"comment_status":"closed","ping_status":"closed","template":"","meta":{"footnotes":""},"class_list":["post-1141","page","type-page","status-publish","has-post-thumbnail","hentry"],"_links":{"self":[{"href":"https:\/\/prechtl.film\/index.php?rest_route=\/wp\/v2\/pages\/1141","targetHints":{"allow":["GET"]}}],"collection":[{"href":"https:\/\/prechtl.film\/index.php?rest_route=\/wp\/v2\/pages"}],"about":[{"href":"https:\/\/prechtl.film\/index.php?rest_route=\/wp\/v2\/types\/page"}],"author":[{"embeddable":true,"href":"https:\/\/prechtl.film\/index.php?rest_route=\/wp\/v2\/users\/1"}],"replies":[{"embeddable":true,"href":"https:\/\/prechtl.film\/index.php?rest_route=%2Fwp%2Fv2%2Fcomments&post=1141"}],"version-history":[{"count":2,"href":"https:\/\/prechtl.film\/index.php?rest_route=\/wp\/v2\/pages\/1141\/revisions"}],"predecessor-version":[{"id":4425,"href":"https:\/\/prechtl.film\/index.php?rest_route=\/wp\/v2\/pages\/1141\/revisions\/4425"}],"wp:featuredmedia":[{"embeddable":true,"href":"https:\/\/prechtl.film\/index.php?rest_route=\/wp\/v2\/media\/2848"}],"wp:attachment":[{"href":"https:\/\/prechtl.film\/index.php?rest_route=%2Fwp%2Fv2%2Fmedia&parent=1141"}],"curies":[{"name":"wp","href":"https:\/\/api.w.org\/{rel}","templated":true}]}}